4*u + 10. What are the prime factors of f(-3)?
2, 13, 29
Let v be (-8)/(-56) + 54/14. Suppose 11 = y - 4*f, v*y = f - 1 - 15. Let q = 1 - y. List the prime factors of q.
2, 3
Suppose 7 = -5*y + 87. Let j = y + -10. Suppose 0 = j*r - 4*r - 10. List the prime factors of r.
5
Let h = -398 - -609. List the prime factors of h.
211
Let f = 406 - 300. List the prime factors of f.
2, 53
Let q = 1 - 3. Let c(u) = -3*u**3 - 5*u**2 - 2*u + 1. What are the prime factors of c(q)?
3
Suppose 0 = -28*j - 16*j + 62084. List the prime factors of j.
17, 83
Suppose -4*b - 1 - 7 = 0. List the prime factors of (-198)/(-1) + -3 + 8/b.
191
Let y(i) = i**3 + 5*i**2 + 3*i + 1. Let l be y(-4). Suppose l*c + 3*p + 53 = 0, -2*p = -5*c - 28 - 20. What are the prime factors of (4 + -2)/((-2)/c)?
2, 5
Suppose 5*b = -3*s - s + 678, 3*b = -5*s + 412. List the prime factors of b.
2, 67
Let k(w) = 26*w**2 + w. Let h(p) = p**3 - 7*p**2 - 2*p + 14. Let q be h(7). Suppose -g - 6 + 3 = q, 0 = -2*x - 5*g - 13. List the prime factors of k(x).
3
Suppose w + 5*j = 5868, -2*w + 1207 = 5*j - 10544. List the prime factors of w.
3, 37, 53
Suppose 2 = -l - 0. Let n be 1/l + 546/12. Let y = n + -20. List the prime factors of y.
5
Let r be 1/((-1)/(-4)) + 3 + -2. Suppose r*o - 312 = o. List the prime factors of o.
2, 3, 13
Let t = 138 + -134. Suppose -r - 1205 = -4*i, 2*i + t*r - 2*r = 590. List the prime factors of i.
2, 3, 5
Let n(f) = f**3 + 7*f**2 + 18*f - 9. Let q(c) = c**3 + 7*c**2 + 18*c - 9. Let w(l) = -4*n(l) + 3*q(l). What are the prime factors of w(-6)?
3
Suppose 19 = 6*c + 7. What are the prime factors of (c/(-3))/((102/(-144))/17)?
2
Let u = 345 + -282. What are the prime factors of u?
3, 7
Let w = 50 + -50. Suppose -l + 18 + 17 = w. List the prime factors of l.
5, 7
Suppose 5*f = 2*n - 286, 4*n + 5*f - 544 - 28 = 0. Let g = n - -90. List the prime factors of g.
233
Suppose -4*w - 3169 = 2*y - 12507, 0 = -2*w + 5*y + 4675. List the prime factors of w.
5, 467
Let g(l) be the first derivative of 3*l**3 + 5*l**2 + 3*l - 23. What are the prime factors of g(-6)?
3, 89
Let y(g) = -g + 1. Let t be y(-11). Suppose t = -2*b + 16. Suppose -u + b*u = 36. List the prime factors of u.
2, 3
Let w(k) = -k**3 - 9*k**2 + 3*k - 6. What are the prime factors of w(-11)?
7, 29
Suppose 2*u + 43 = 259. Suppose -2*s - 2*x = -u, -79 = -s - 4*x - 13. List the prime factors of s.
2, 5
Let t = 5 + -8. Let c = 13 - t. List the prime factors of c.
2
Suppose -106 = -24*x + 22*x. List the prime factors of x + (4 - 5)/1.
2, 13
Let w be 11 + 3/(3 + 0). Let v = w + 9. What are the prime factors of v?
3, 7
Suppose -2*f = -4*f + 12. Let y be (-2)/((-6 - -3)/f). Suppose -c + 44 = y*n, n = -3*c + 2*n + 158. List the prime factors of c.
2, 13
Let z = 1 - 1. Let l(c) = -5 - 4 + 27 - c + c**2. What are the prime factors of l(z)?
2, 3
Let g(f) = 5*f - 1. Let m be g(3). Let p be 276/45 - 56/420. Suppose m = 4*o - p. List the prime factors of o.
5
Let p(g) = g**2 - 4*g + 6. Let v be -2 + 13 + -1 - 2. Let c be p(v). Let z = c + -19. What are the prime factors of z?
19
Suppose -3*y = -2*y - 1. Let g(f) = 3*f**2 - 2*f + 1. Let j be g(y). Suppose 4*n - 287 = -d, 2*d = -4*n - j*d + 296. What are the prime factors of n?
71
Let a = 4 + -9. Let y be -13 + (1 + 3)*1. Let u = a - y. What are the prime factors of u?
2
Let v be (-13 - -13) + 15/1. List the prime factors of 969/v + (-2)/(-5).
5, 13
Suppose -t = t. Suppose t*h - 4*h - 121 = -5*n, 3*h = n - 33. Suppose -2*o = -i - n, 0*i - 3*i - 9 = 0. What are the prime factors of o?
3
List the prime factors of 162/1539 - (-33818)/19.
2, 5, 89
Let s be (-6)/(2 + 32/(-12)). Let z(q) = -q**2 + 12*q - 22. What are the prime factors of z(s)?
5
Let s(q) = -2*q**2 + 3*q**2 + 34 - q**2 + 20*q + q**2. What are the prime factors of s(-21)?
5, 11
Let n(b) = b**3 - 16*b**2 - 38*b - 173. List the prime factors of n(25).
2, 2251
Let x = -13 + 32. Let y = 19 - x. Suppose f - 3*a = y, 2*f - 15 = 2*a - 3. What are the prime factors of f?
3
Let t(m) = 13*m**2 + 78*m + 6. What are the prime factors of t(-11)?
7, 103
Suppose 0 = 2*s - 5 + 1. Suppose -3*w + 5*g + 121 = 0, -2*w = -s*g - 0*g - 82. List the prime factors of w.
2, 3, 7
Suppose 3*y - 7*y + 2*n - 2 = 0, -17 = 4*y - 5*n. Let h be 1 - (y - (3 + -3)). List the prime factors of 2 + h/((-1)/37).
3, 13
Suppose -526 - 2234 = -15*k. Suppose -3*y = 5*u - 546, y + 0*u = -u + k. List the prime factors of y.
11, 17
Let f be (-115)/25*(-1 + -4). Suppose -3*g = -4*p + 86, 53 - f = 2*p + 5*g. Suppose v = -4*b + 3 + p, 5*v - 4*b = 67. What are the prime factors of v?
3, 5
Suppose -1435 - 1129 = -4*l. What are the prime factors of l?
641
Let r = 238 + -103. Suppose 0 = 5*m - r - 520. What are the prime factors of m?
131
Suppose -42 = -2*t + 5*t + 5*v, 3*v + 54 = -5*t. Suppose -a + 37 = 5*d, 4*a + 3*d = 54 + 9. List the prime factors of t/3*a/(-1).
2, 3
Suppose 0 = -2*x - 2*x + 16. Suppose 3*r + 22 = x*r. List the prime factors of r.
2, 11
Let j = -1346 - -2291. What are the prime factors of j?
3, 5, 7
Let n be 369/(-21) - 15/35. Let g = n + 26. List the prime factors of g.
2
Suppose 0 = -44*c + 54*c - 710. List the prime factors of c.
71
Let w(p) = -p**3 - p**2 - p + 5. Let a = 2 + -2. Let j be w(a). Suppose -2*v - 1 = -v, 5*o + j*v - 65 = 0. What are the prime factors of o?
2, 7
Suppose 11 = 10*g + g. What are the prime factors of g/5 + (-1242)/(-15)?
83
Let k(u) be the third derivative of u**5/60 + u**4/6 - u**3/6 + u**2. Let b(h) = h - 1. Let f(l) = -2*b(l) + k(l). What are the prime factors of f(2)?
3
What are the prime factors of 4 - (-639 + 1 - (1 - 0))?
643
Let s = -28 + 52. Let t = s + -13. Suppose 12 = 3*b, 4*x + t = 5*x + b. What are the prime factors of x?
7
Let z(l) be the first derivative of l**2/2 - 4*l + 2. Let y be z(0). What are the prime factors of (-3)/(6/y) + 0?
2
Let p = -99 + 102. Suppose 4*l - 1024 = -5*b, 0 = 5*l - p*b - 0*b - 1280. What are the prime factors of l?
2
Let c be 180/(-6)*2/(-5). Let h(k) = k + 3. Let f be h(c). Suppose 16 = f*v - 13*v. What are the prime factors of v?
2
Suppose -52*y + 43587 = 11815. List the prime factors of y.
13, 47
Suppose -2*j = -0*j + 5*s - 31, 4*j = -2*s + 22. Suppose -j*g = -g - 20. Suppose -g*p + 12*p = 110. List the prime factors of p.
5, 11
Let i(f) = 3*f**3 - 17*f**2 + 24*f - 20. List the prime factors of i(11).
2, 5, 109
Let y = 10 + -8. Suppose 0 = -y*j + 6*j - 16. Suppose 5*t + 13 = a, j*a + t - 10 = -0*a. List the prime factors of a.
3
Let z = 156 - 71. Suppose 4*y - 4*h = 360, h + h = y - z. What are the prime factors of y?
5, 19
Suppose 5*h - 5 = 4*j, -5*h = -5*j - 0*h. Suppose -j*l + 156 = -449. What are the prime factors of l?
11
Let w(p) = p**3 + 5*p**2 + 5*p + 4. Let c be w(-4). Suppose -2*t + 4*h + 2 = 0, 3*t + 0*h + h - 24 = c. Let j = t - -6. What are the prime factors of j?
13
Let z be (-7)/(4 + (-38)/10). Let t = 114 + z. What are the prime factors of t?
79
Let q(w) = 12*w**2 + w - 4. Let l(o) = 13*o**2 + o - 5. Let k(a) = -4*l(a) + 5*q(a). Let z be k(-1). Let t(s) = -s**2 + 8*s + 1. List the prime factors of t(z).
2
Let l(j) = -20*j - 8. Let q = 33 - 38. List the prime factors of l(q).
2, 23
Let z = 466 - -61. What are the prime factors of z?
17, 31
Suppose 0 = -2*q - 101 + 43. Let v = 13 - q. What are the prime factors of 4/v*-3*-7?
2
Let a(t) be the third derivative of -t**6/120 - 7*t**5/120 - 7*t**4/24 + 9*t**2. Let z(r) be the second derivative of a(r). List the prime factors of z(-6).
29
Let j(u) = -185*u - 1. Let o be j(-1). Suppose o = a + 7*a. What are the prime factors of a?
23
Let q = -406 + 484. List the prime factors of q.
2, 3, 13
Let m = -712 - -1190. List the prime factors of m.
2, 239
Let h(s) = -2*s**2 + 6*s - s + 4*s**2 - 5 - s. Let b be h(-5). Suppose -5*c - 18 = -3*o + 8, 3*o - 4*c - b = 0. What are the prime factors of o?
7
Let l = -23 - 33. Let n = 180 - l. List the prime factors of n.
2, 59
Suppose -4*n - 363 = -z + 183, 3*n + 2798 = 5*z. List the prime factors of z.
2, 281
Suppose 6*f + 16*f = 11198. What are the prime factors of f?
509
Let s be 11 - ((-6)/1 + 4). Suppose d - 112 = -s. List the prime factors of d.
3, 11
Let p(z) = -2*z**2 + 11*z - 3. Let m be p(6). Let q = 11 + m. What are the prime factors of (-3 - q/10)*-5?
2
Suppose 0 = -2*a - a + 3, 